{"id":50487,"date":"2020-03-23T11:21:18","date_gmt":"2020-03-23T14:21:18","guid":{"rendered":"https:\/\/www.paulus.com.br\/portal\/?page_id=50487"},"modified":"2020-04-01T16:54:02","modified_gmt":"2020-04-01T19:54:02","slug":"conteudo-gratuito","status":"publish","type":"page","link":"https:\/\/www.paulus.com.br\/portal\/conteudo-gratuito\/","title":{"rendered":"Conte\u00fado gratuito"},"content":{"rendered":"<p>Para ser informado sobre novos conte\u00fados dispon\u00edveis, <a href=\"#\">cadastre-se<\/a>!<\/p>\n","protected":false},"excerpt":{"rendered":"<p>Para ser informado sobre novos conte\u00fados dispon\u00edveis, cadastre-se!<\/p>\n","protected":false},"author":22,"featured_media":50594,"parent":0,"menu_order":0,"comment_status":"closed","ping_status":"closed","template":"archive-downloads.php","meta":{"_acf_changed":false,"footnotes":""},"class_list":["post-50487","page","type-page","status-publish","has-post-thumbnail","hentry"],"acf":[],"aioseo_notices":[],"_links":{"self":[{"href":"https:\/\/www.paulus.com.br\/portal\/wp-json\/wp\/v2\/pages\/50487","targetHints":{"allow":["GET"]}}],"collection":[{"href":"https:\/\/www.paulus.com.br\/portal\/wp-json\/wp\/v2\/pages"}],"about":[{"href":"https:\/\/www.paulus.com.br\/portal\/wp-json\/wp\/v2\/types\/page"}],"author":[{"embeddable":true,"href":"https:\/\/www.paulus.com.br\/portal\/wp-json\/wp\/v2\/users\/22"}],"replies":[{"embeddable":true,"href":"https:\/\/www.paulus.com.br\/portal\/wp-json\/wp\/v2\/comments?post=50487"}],"version-history":[{"count":11,"href":"https:\/\/www.paulus.com.br\/portal\/wp-json\/wp\/v2\/pages\/50487\/revisions"}],"predecessor-version":[{"id":50710,"href":"https:\/\/www.paulus.com.br\/portal\/wp-json\/wp\/v2\/pages\/50487\/revisions\/50710"}],"wp:featuredmedia":[{"embeddable":true,"href":"https:\/\/www.paulus.com.br\/portal\/wp-json\/wp\/v2\/media\/50594"}],"wp:attachment":[{"href":"https:\/\/www.paulus.com.br\/portal\/wp-json\/wp\/v2\/media?parent=50487"}],"curies":[{"name":"wp","href":"https:\/\/api.w.org\/{rel}","templated":true}]}}