{"id":18552,"date":"2014-10-08T14:37:12","date_gmt":"2014-10-08T17:37:12","guid":{"rendered":"http:\/\/www.paulus.com.br\/portal\/?page_id=18552"},"modified":"2014-10-08T14:37:12","modified_gmt":"2014-10-08T17:37:12","slug":"paulus-apresenta-livro-e-promove-debate-sobre-jogos-e-aprendizado","status":"publish","type":"page","link":"https:\/\/www.paulus.com.br\/portal\/paulus-apresenta-livro-e-promove-debate-sobre-jogos-e-aprendizado\/","title":{"rendered":"PAULUS apresenta livro e promove debate sobre jogos e aprendizado"},"content":{"rendered":"<p style=\"text-align: justify;\">Escrito pelo professor <em>Gilson Schwartz<\/em>, da ECA-USP, o livro <em><strong>Brinco, logo aprendo<\/strong><\/em> ser\u00e1 lan\u00e7ado na pr\u00f3xima segunda-feira (13) na livraria Cultura em S\u00e3o Paulo. Al\u00e9m da presen\u00e7a do autor haver\u00e1 tamb\u00e9m um debate com especialistas sobre o tema<\/p>\n<p style=\"text-align: justify;\">Aprender brincando ou brincar de aprender? A tecnologia tornou poss\u00edvel exercer as duas atividades ao mesmo tempo? Como fica agora o papel do educador do futuro, diante dos sistemas de informa\u00e7\u00e3o e comunica\u00e7\u00e3o da atualidade?<\/p>\n<p style=\"text-align: justify;\">O livro <em><strong>Brinco, logo aprendo<\/strong><\/em>, da <strong>PAULUS Editora<\/strong> responde a essas e a diversas perguntas sobre o tema. A obra tamb\u00e9m aponta que \u00e9 urgente a reinven\u00e7\u00e3o do professor, como mentor, parceiro inspirador e experiente na apropria\u00e7\u00e3o dos novos recursos tecnol\u00f3gicos, em favor de pr\u00e1ticas de aprendizagem mais criativas. \u201cVencer esse desafio \u00e9 o que nos levar\u00e1, nas escolas, empresas e sociedade, a uma viv\u00eancia mais plena e democr\u00e1tica do conhecimento e da tecnologia no s\u00e9culo XXI\u201d, lembra Schwartz.<\/p>\n","protected":false},"excerpt":{"rendered":"<p>Escrito pelo professor Gilson Schwartz, da ECA-USP, o livro Brinco, logo aprendo ser\u00e1 lan\u00e7ado na pr\u00f3xima segunda-feira (13) na livraria Cultura em S\u00e3o Paulo. Al\u00e9m da presen\u00e7a do autor haver\u00e1 tamb\u00e9m um debate com especialistas sobre o tema Aprender brincando ou brincar de aprender? A tecnologia tornou poss\u00edvel exercer as duas atividades ao mesmo tempo? [&hellip;]<\/p>\n","protected":false},"author":3,"featured_media":0,"parent":0,"menu_order":0,"comment_status":"open","ping_status":"open","template":"","meta":{"_acf_changed":false,"footnotes":""},"class_list":["post-18552","page","type-page","status-publish","hentry"],"acf":[],"aioseo_notices":[],"_links":{"self":[{"href":"https:\/\/www.paulus.com.br\/portal\/wp-json\/wp\/v2\/pages\/18552","targetHints":{"allow":["GET"]}}],"collection":[{"href":"https:\/\/www.paulus.com.br\/portal\/wp-json\/wp\/v2\/pages"}],"about":[{"href":"https:\/\/www.paulus.com.br\/portal\/wp-json\/wp\/v2\/types\/page"}],"author":[{"embeddable":true,"href":"https:\/\/www.paulus.com.br\/portal\/wp-json\/wp\/v2\/users\/3"}],"replies":[{"embeddable":true,"href":"https:\/\/www.paulus.com.br\/portal\/wp-json\/wp\/v2\/comments?post=18552"}],"version-history":[{"count":2,"href":"https:\/\/www.paulus.com.br\/portal\/wp-json\/wp\/v2\/pages\/18552\/revisions"}],"predecessor-version":[{"id":18554,"href":"https:\/\/www.paulus.com.br\/portal\/wp-json\/wp\/v2\/pages\/18552\/revisions\/18554"}],"wp:attachment":[{"href":"https:\/\/www.paulus.com.br\/portal\/wp-json\/wp\/v2\/media?parent=18552"}],"curies":[{"name":"wp","href":"https:\/\/api.w.org\/{rel}","templated":true}]}}